et m be p(-3). Suppose 0 = -14*q + 17*q. Suppose 4*k - m*g - 148 = q, 0 = 5*k - g - 23 - 162. Is k a composite number?
False
Suppose -51 = -c + 16. Is c a prime number?
True
Let c(s) = 2*s**2 + 0 - 9 + 0*s**2. Is c(7) composite?
False
Is 2979/(-27)*1*-3 prime?
True
Let q(d) = -d**3 + 8*d**2 + 4*d + 5. Suppose 3*w - 8 = 1. Let k = w - -5. Is q(k) a prime number?
True
Suppose 17 = -j - 2*m, -m - 23 = 3*j + 3. Suppose 2*l - 35 + 8 = 5*c, -3*l = 3*c - 93. Let a = l + j. Is a a prime number?
True
Let j = 903 - -508. Is j composite?
True
Let p(c) = 4*c**2 - 2*c - 4. Let u be p(3). Suppose z = 5*z + 68. Let y = z + u. Is y prime?
False
Let l(o) = o**2 + 12*o + 6. Let u(p) = -5*p**2 - 61*p - 31. Let v(a) = -11*l(a) - 2*u(a). Is v(-5) a prime number?
False
Suppose 0 = k - 14 - 69. Is k prime?
True
Suppose -3*y + 1590 = -3*c, 0*y + 1048 = 2*y - 5*c. Suppose -2*g = -3*q - q - y, 2*q + 781 = 3*g. Is g prime?
True
Let d = 28 - 51. Let t = 54 + d. Is t a composite number?
False
Let a(u) = u - 2. Let o be a(1). Is o/((4/(-21))/4) a prime number?
False
Suppose 3*x + x = 16, d = -4*x + 551. Is d a prime number?
False
Let c(d) = -107*d - 3. Let l be c(-2). Suppose -2*p + p + l = 0. Is p a composite number?
False
Let n(w) = 14*w**2 - 1. Is n(1) composite?
False
Let a(p) = 15*p**2 - 9*p - 1. Is a(4) a composite number?
True
Let x = -3 - -1. Let f = 11 + x. Is f composite?
True
Let o(a) = 4*a**2 + 7*a + 4. Let x be o(-6). Is (-1)/(-1*2/x) composite?
False
Let q = 394 - 65. Is q prime?
False
Suppose -g = -4*g + 9. Is 15/(-2)*(-34)/g composite?
True
Suppose -23 = -3*o + 19. Is 4/o - (-272)/28 a prime number?
False
Let s be -3 - 1*(2 + -8). Is (s/3 + -12)*-5 prime?
False
Let x(u) = -u**2 + u + 481. Is x(0) prime?
False
Let c = -903 + 1754. Is c composite?
True
Suppose 4*u - 6 - 6 = 0. Is ((-2)/(-8))/(u/1884) a prime number?
True
Let v(f) = f**3 - 4*f**2 + 3*f - 1. Let h be v(2). Let c(p) = -17*p - 3*p + p - 2*p + 2. Is c(h) composite?
True
Let b(y) = -y**3 - y + 55. Let a be b(0). Suppose -3*h - 2*r = -65, -2*h - a = -4*h + r. Is h a composite number?
True
Let z(a) = 2*a**2 + 13*a + 12. Is z(-9) composite?
True
Let v = 2755 - 1800. Is v composite?
True
Let l = 125 + -184. Let u be -3*(1 - (-20)/2). Let z = u - l. Is z a composite number?
True
Let q be 1*(-3 + 2) - -15. Let d be 1158/q - 6/(-21). Suppose 6*i - 3*l - 81 = 3*i, -d = -4*i - l. Is i prime?
False
Suppose 4*y = 12 - 4. Let a(s) = 1 + 3*s - 10*s + y + s**2. Is a(9) prime?
False
Let m be 108*9*1/4. Let y = m + -84. Is y a composite number?
True
Let h = 3 + -6. Let v be -17*(h*2 - -1). Suppose v + 20 = 5*f. Is f composite?
True
Is (6/5)/(4/50) a composite number?
True
Let r be 48/28 + (-4)/(-14). Suppose r*j + 268 = 6*j. Is j a composite number?
False
Suppose k + 0*k = -2*i + 898, 3*i - 4*k - 1347 = 0. Is i a prime number?
True
Let o(g) = 0 - 1 + 2*g - g + 9*g**3. Let h be o(1). Let z(f) = 24*f + 1. Is z(h) composite?
True
Let s(k) = -6 - 10 + 0*k**2 - k**2 - 16*k. Is s(-11) composite?
True
Suppose 5*p - 169 - 361 = 0. Is p a composite number?
True
Suppose -2*c - 6*t + 5*t + 14 = 0, 4*t = -3*c + 11. Suppose 8 = 4*b - 4. Is 395/b + (-6)/c prime?
True
Let t(o) = o**3 - 2*o - 2. Let y be (-1)/2 - (-45)/10. Let a be t(y). Suppose -a = -3*r - 12. Is r a composite number?
True
Suppose 0*a = -3*a + 9. Suppose 0*l - 4*x - 45 = -l, 119 = a*l - 4*x. Is l a prime number?
True
Let g(s) = 17*s - 4. Let q be g(7). Suppose -12 = 3*d, -4*n + 2*d = -307 - 621. Let h = n - q. Is h composite?
True
Suppose 3*h = -4*s + 446 + 564, 0 = -4*s + 2*h + 1000. Is s prime?
True
Suppose -4 = -m, -2*m = 4*o - 4*m + 28. Is -118*(o/(-2) - 3) composite?
False
Let z = 52 + -5. Is z prime?
True
Let w be ((-2)/(-4))/(1/2). Suppose u + w + 4 = 0. Is (-1452)/(-15) - 1/u a composite number?
False
Is -2 - 684/(-2) - 3 prime?
True
Let y = 27 - 25. Suppose 0 = y*w - 5*x - 1479, 5*w - 2*x = -4*x + 3625. Is w a prime number?
True
Suppose 0*p + 3*p - 9 = 0. Suppose -p*j = -7*j + 136. Is j a composite number?
True
Let d(i) = i - 2. Let j be d(-8). Let h = 41 + j. Is h a composite number?
False
Let u = 16 - 12. Suppose -3*g + u*g - 1120 = -3*p, -4*p = g - 1493. Is p composite?
False
Let n be (-3 - (-2 + 1))/2. Let x(b) = -43*b + 1. Let r be x(n). Suppose -r = -o - 5*h - 19, -3*o + h + 75 = 0. Is o a prime number?
False
Is (2 + -1)*1/(3/597) prime?
True
Suppose 4*q = 2*w + 70, 0*q + 105 = -3*w + 2*q. Let p = w - -72. Is p a composite number?
False
Suppose -12*f = -9*f - 165. Is f composite?
True
Suppose -3*n + 0*y = -2*y - 1769, -3*n = y - 1757. Is n prime?
True
Suppose -5*i = -4*h + 991, -731 = -3*h - 5*i + 21. Is h composite?
True
Let i(l) = -l**2 + 3*l + 4. Let c be i(4). Suppose -w + c = 2, 5*w - 20 = -5*u. Is u a prime number?
False
Let q(r) = 39*r**3 - r**2 + r - 1. Let s = -5 + 6. Let o be q(s). Suppose c - o = -c. Is c a composite number?
False
Let k = 1500 + 1267. Is k composite?
False
Suppose 0 = -r - 2*r. Suppose l + 9 = 3*d - 6, -4*d = -3*l - 25. Suppose -94 + d = -5*w + 3*f, r = 4*w + f - 89. Is w a composite number?
True
Let c = 903 - 369. Suppose -2*z - c = -5*z. Is z prime?
False
Suppose 4*n - 10 = -2*b + 5*b, 0 = b + 2. Let y be ((-2)/6)/(n/(-15)). Suppose 4*j + 12 = 0, 48 + 47 = y*u + 5*j. Is u prime?
False
Suppose -a + 2034 - 377 = 0. Is a a composite number?
False
Let x = 13 - 5. Let s(h) = 3*h**2 - 4*h - 11. Is s(x) a composite number?
False
Let p(t) = 3*t**2 + 9*t + 1. Let g be (-9 - -8) + -3*3. Is p(g) a prime number?
True
Suppose -12*h + 89 = -11*h. Is h a prime number?
True
Let p(d) = -3*d**3 - 7*d**2 - 4*d + 3. Let u be p(-4). Let m = -25 + u. Is m composite?
True
Suppose 2*u - c - 2 = u, 0 = 4*c + 8. Suppose u*j = 3*j - 21. Is j composite?
False
Suppose 4*r = 8*p - 3*p + 8, 2 = -5*p + r. Suppose 0*m + m + w - 2 = p, -2*m + w + 4 = 0. Suppose x - m*j - 11 = 28, -167 = -5*x + 3*j. Is x composite?
False
Suppose -12 = -o - o. Suppose q + o = -q. Is (296/(-4))/(q - -1) prime?
True
Let q(i) = -150*i**3 - i**2 + 3. Let m be q(-3). Is ((-3)/(-9))/(4/m) prime?
True
Let t be 7/(14/12) - 2. Suppose 0 = -t*p - 51 + 127. Is p composite?
False
Suppose -u + z = -104, 3*u - 2*z - 38 = 276. Is u composite?
True
Let l(k) = -k**3 + 4*k**2 + k - 3. Let q be l(4). Let s be (-37 + q)/(1/(-3)). Suppose -3*d + 57 = -s. Is d a prime number?
False
Let c = 2 + -2. Suppose 3*g + 2*g - 1655 = c. Is g prime?
True
Let j = -876 + 1505. Is j prime?
False
Let o = -957 - -1700. Is o a composite number?
False
Suppose -4*u + 25 = u + 5*t, -5*u = -3*t + 7. Let r(y) = y - 6*y - u - 3*y**2 + 4*y**2. Is r(7) prime?
True
Let j = -80 - -211. Is j prime?
True
Let x = -2 - -11. Let u be 2/x - 25/(-9). Let l(o) = o**3 + 2*o**2 + 5*o - 3. Is l(u) a prime number?
False
Let k(h) = -h**2 - 7*h + 6. Let i be k(-8). Let d(a) be the third derivative of -11*a**6/120 + a**3/6 + a**2. Is d(i) prime?
True
Let k(w) = 3*w**3 - 2*w**2 - 2*w. Is k(7) a composite number?
True
Let j be (-12)/(-7) - 4/(-14). Suppose 3*y + j = -a - 3, 5*y + 27 = 3*a. Suppose 2*b - 40 = -a*h, -h - 5*b + 50 = 4*h. Is h composite?
True
Let k be ((-136)/12)/(2/(-27)). Suppose -r - 2*r = -k. Is r a composite number?
True
Let u(o) = -5*o + 4. Suppose 17 = -3*j + 2*j - 3*i, 5*i = -4*j - 33. Let z(m) = -11*m + 8. Let p(k) = j*z(k) + 5*u(k). Is p(-7) composite?
True
Suppose 4*b = 4*o - 16, 0 = -5*o - 0*b - b + 8. Suppose 4*s = o*s + 102. Is s prime?
False
Let o(c) = c**2 - 6*c - 8. Suppose 0 = -5*s + 4*q + 22, 0*s = 3*s + q - 3. Suppose 0 = -w - 5*g - 22, -15 = s*w + w - 2*g. Is o(w) composite?
False
Let m be (32/(-3))/((-1)/(-75)). Let t = -433 - m. Is t a composite number?
False
Let g(p) = p + 11. Suppose -v = -3*v. Let l be g(v). Suppose -2*q - l = -3*q. Is q prime?
True
Let p(b) = 15*b**3 + 9*b**2 + 25*b - 14. Let d(u) = -8*u**3 - 4*u**2 - 13*u + 7. Let a(x) = -11*d(x) - 6*p(x). Is a(-6) composite?
True
Suppose 5*q = 3*z - 11, 0*z - 4*q = z + 19. Let x be -1 + z + 4 + 3. Suppose 1 + 5 = -x*v, 3*v - 1059 = -3*o. Is o composite?
True
Let x(h) = 4*h**2 - 3*h - 3. Let a = 0 + 3. Let z be x(a). Suppose -4*u - z = -172. Is u composite?
False
Let w = 559 - 366. Suppose 0*i - 4*i - 456 = 0. Let f = i + w. Is f a composite number?
False
Let m be 12/(-9)*6/(-4). Suppose 0 = m*v - 0*v - 6. Suppose -v*y + 5*u = u - 95, -132